 g be 15*((-22)/5 + 4). Let r(t) = -34*t - 36. Does 21 divide r(g)?
True
Let q(l) = -l**2 + 21*l + 36. Let c be q(21). Suppose 0 = -52*r + c*r + 3280. Does 42 divide r?
False
Let n(k) = -k**2 + 275*k + 1076. Is n(63) a multiple of 41?
True
Suppose 68*z = 90*z - 9218. Let x(c) = -143*c + 2. Let g be x(-3). Suppose -3*y + z = 2*y - n, 0 = -5*y + 4*n + g. Is 32 a factor of y?
False
Suppose -5*h = -4*q - 147, 0 = -q + 2*h - 7 - 29. Let g = q - -42. Suppose 5*s = -g*m + 336, -2*s - 4*m - 2 = -146. Is s a multiple of 16?
True
Let o(b) = b**3 + 7*b**2 - 14*b + 13. Let m(j) = j + 6. Suppose 3*d + 30 = -3*s - 3, 5*d + 2*s + 61 = 0. Let k be m(d). Does 17 divide o(k)?
False
Suppose j - o = 9, 4*o - 5*o = 2*j - 30. Let a(r) be the third derivative of r**5/60 - r**4/24 + 4*r**3/3 + 1802*r**2. Is 12 a factor of a(j)?
False
Let n = 3080 + -1204. Is 28 a factor of n?
True
Is 12 a factor of (-285)/19 - -8274 - -9?
True
Suppose -13289 = -4*b - 3*u, 21*b - 6649 = 19*b - u. Is b a multiple of 30?
False
Suppose -7*b + 60424 = -11081. Is b a multiple of 17?
False
Suppose 52*l - 12*l = 212520. Is l a multiple of 36?
False
Let k(w) be the first derivative of w**4/4 - 8*w**3/3 - 7*w**2/2 + 12*w + 1. Let b(s) = s**2 + 31*s + 67. Let g be b(-29). Is 16 a factor of k(g)?
False
Let j = -2002 - -2386. Is j a multiple of 2?
True
Suppose 3*z - 92 = -14. Suppose -5*q + z = 16. Is 5 - (q/(-1) + -1) a multiple of 3?
False
Let b(c) = -5*c - 5. Let y be b(-1). Let k be -127*(y - 2) - 5. Suppose -7*g + 1523 = k. Does 15 divide g?
False
Suppose 78*y - 30874 - 30030 = -7396. Does 17 divide y?
False
Let t(y) = -y + 14. Let w be t(4). Suppose 279 + 121 = w*m. Suppose 0 = 2*j - m - 52. Is 17 a factor of j?
False
Suppose 0 = -5*r + 19421 - 2991. Let k = -2116 + r. Suppose 14*v - v - k = 0. Is 45 a factor of v?
True
Let n(m) = 5*m**2 - 55*m + 3*m**3 - 5 + 0*m**2 + 56*m. Let w be n(-4). Let k = 171 + w. Is k a multiple of 9?
False
Let i be -37*(2 - 4 - -3). Suppose 0*f - 8*f - 480 = 0. Let r = i - f. Does 23 divide r?
True
Suppose -4*u + 5*n + 804 + 1571 = 0, 4*n - 620 = -u. Is u a multiple of 3?
True
Is (-34 + 39)/(5/1772) a multiple of 13?
False
Let h(p) be the first derivative of -23*p**2/2 - 5*p + 1. Let u = 2969 - 2971. Does 36 divide h(u)?
False
Let a = -17 + 22. Is a/(41/8 + -5) a multiple of 5?
True
Let a = -10900 + 36569. Is a a multiple of 11?
False
Suppose -4*p = -4*h - 3344, -p + 3*h + 744 + 84 = 0. Suppose 9*y - p = -11*y. Is y a multiple of 9?
False
Let g(v) = -3834*v - 5037. Does 17 divide g(-8)?
False
Suppose -4*j + 776 = 11*u - 13*u, 776 = -2*u - 2*j. Is 7/((-14)/u) - 32/(-8) a multiple of 18?
True
Let c(v) = 14*v + 11949. Is c(-156) a multiple of 3?
True
Let c(s) = -s + 2 + 2*s**2 + 9 + 1. Suppose -3*b = -18, -4*f - 2*b = -0 - 12. Does 3 divide c(f)?
True
Let w = 1594 + -3560. Let s = -910 - w. Is 16 a factor of s?
True
Let u = 27 - 29. Let f be (6/(-8))/(u/728)*-1. Let l = 51 - f. Does 27 divide l?
True
Let f = -31926 - -46325. Does 14 divide f?
False
Let f = 381 - 376. Suppose a - 6*z + 10*z - 472 = 0, -f*a + 4*z = -2384. Is 9 a factor of a?
False
Let q be (6 - 2) + -32*(-57)/6. Let n = q - 84. Is 56 a factor of n?
True
Suppose -54 = 4*n - 346. Suppose -4*x + 152 = -4*y, 0 = 3*x - 5*x + y + n. Is 7 a factor of x?
True
Does 26 divide -98*(-455)/(-260)*(-788)/14?
False
Suppose -m = -4*y - 42, 5*y + 59 = -2*m - 0*m. Let f(g) = g**3 + 14*g**2 + 9*g + 3. Let q be f(y). Let w = -127 + q. Is 10 a factor of w?
True
Let h(n) = -9*n**3 + 11*n**2 + 47*n + 11. Is h(-7) a multiple of 171?
False
Let p be (4 + -2)*55/22 - -236. Let r = 593 - p. Does 16 divide r?
True
Suppose 68*f - 415*f + 1588262 = 134*f. Is f a multiple of 13?
True
Is 23 a factor of 787 - ((-2280)/32)/19*(-12)/9?
True
Suppose -5*t = -3*m - t - 1170, -1185 = 3*m + t. Let c = -58 - m. Does 14 divide c?
True
Let p(i) = 9*i - 54. Let v be p(6). Suppose -2*t + 3920 = 6*t. Suppose -d - t = -4*m, -2*m - 2*d + 6*d + 252 = v. Does 13 divide m?
False
Let j(k) = -k**2 - 84*k - 319. Does 10 divide j(-56)?
False
Let d = 15338 + -2123. Is 75 a factor of d?
False
Suppose -3*w + 5*w = -2*r + 10, -14 = -w - 4*r. Suppose 2*k = -3*l + 3*k - 138, -w*k + 231 = -5*l. Let f = 112 + l. Is 17 a factor of f?
False
Let b = 16383 + -6849. Does 124 divide b?
False
Let z(j) = j**3 - 10*j**2 + 15*j + 24. Let u be z(7). Let t(o) = -2*o + 33. Is t(u) a multiple of 17?
False
Suppose 25*z = 488 + 37. Suppose 55 = 2*n + z. Is 17 a factor of n?
True
Let m(u) = 2*u**2 + 137*u - 185. Is 9 a factor of m(-100)?
False
Let z be (5/2)/((-45)/(-90)). Suppose z*d + 11 - 66 = 0. Does 11 divide d?
True
Let j(c) = 22*c**2 - 56*c - 298. Does 62 divide j(-16)?
False
Suppose 0 = f - 3*k + 3, -7*f + 6*f - 3*k + 15 = 0. Let y(l) = l**3 - 3*l**2 - 4*l + 35. Does 12 divide y(f)?
False
Suppose 23*b - 5533 = 26345. Is 24 a factor of b?
False
Suppose -7*g = -4*g - 6. Suppose g*u + 5*y = 7, 2*y = 4*u - 0*y - 74. Is u a multiple of 15?
False
Let s(a) = 86*a**2 - 58*a - 48. Is s(6) a multiple of 15?
True
Let v(x) = 3*x**3 - 12*x**2 + 16*x - 37. Let j be ((-750)/45 + 17)/((-2)/(-54)). Is v(j) a multiple of 78?
False
Let g = -2683 - -3796. Suppose -54*c + 17043 = g. Does 35 divide c?
False
Suppose -6 = -3*k, n - 5*k = -3*k. Suppose 5*l = -4*z + 176, 5*z + 28 = -n*l + 167. Does 4 divide l?
True
Is (-667)/23 + 15 - -5186 a multiple of 128?
False
Let b(p) = -p**2 - 9*p - 21. Let o be b(-8). Let r be 6/12*0 + 0 + o. Does 2 divide (0/5)/1 - r?
False
Let v(y) = 2*y**3 + 7*y**2 + 2*y + 1. Let k(f) = -3*f**3 - 8*f**2 - f - 2. Suppose -6*w + 45 = -21*w. Let g(q) = w*k(q) - 4*v(q). Does 33 divide g(6)?
False
Let n = 37 - -11. Let z = n - 48. Suppose z = 2*x - 82 - 164. Does 43 divide x?
False
Suppose 7*j = -6181 - 1169. Is 140/j - 21604/(-30) a multiple of 72?
True
Let q be (-13504)/(-44) - 4/(-44). Suppose 3*j - 5*h = 318, -4*h - q = -4*j + 125. Is j a multiple of 4?
False
Let w(c) = -c**2 + 12*c. Let u = 12 - 7. Suppose 0 = 5*j - j - 4*t - 36, u*t = -5*j + 5. Is w(j) a multiple of 7?
True
Let p(z) = -14*z - 13. Let i(l) = -29*l - 26. Let f(h) = 4*i(h) - 9*p(h). Let t be f(-7). Let w = t + 82. Is 25 a factor of w?
True
Suppose -3*j - 17*q + 22*q = -20458, -5*q = 2*j - 13697. Is 33 a factor of j?
True
Let c be (-2902)/18 + 20/90. Suppose -2*o + 2*z + 757 = o, -2*o - z = -493. Let y = c + o. Does 7 divide y?
False
Let r = -12 + 15. Suppose -2*y - 4*o - o = -19, 0 = -3*y - r*o + 15. Suppose y*h + 302 = 3*n, 2*h - 69 - 45 = -n. Does 13 divide n?
True
Suppose 17*z - 19*z + 12802 = 5*u, 0 = -u - 5*z + 2565. Suppose -5*p + u = 5*g, 0*g - 2*p + 517 = g. Is g a multiple of 13?
True
Suppose 4*l = 63 - 15. Suppose -473 = x - l*x. Suppose x + 381 = 8*d. Does 21 divide d?
False
Suppose 37*x + 75342 = -21*x. Let z = x - -2237. Is 24 a factor of z?
False
Let y = -21709 + 29622. Is y a multiple of 11?
False
Let l(x) = 57*x**2 - 6*x. Let s be l(-4). Suppose -12*y + 4*y + s = 0. Does 49 divide y?
False
Let z(p) = 5*p**2 + 2*p - 10. Let t be z(-5). Let o = -85 + t. Suppose -3*m = 5*d - 311, -8*d = -13*d + o. Does 10 divide m?
False
Suppose -34*s = -3*n - 32*s + 5542, 3*s - 1862 = -n. Suppose 9*x - n - 3406 = 0. Is 73 a factor of x?
True
Suppose 4*u + 0*i + 1 = -i, u - i = 1. Suppose -4*t + n + 141 = u, -2*t + 4*t + 5*n - 43 = 0. Suppose t = 2*o - 72. Is 7 a factor of o?
False
Let a(q) = q**2 - 13*q + 80. Let l(d) = 8*d - 77. Let x be l(13). Is a(x) a multiple of 47?
False
Let u = -1452 - -2820. Is u a multiple of 12?
True
Suppose 0 = -56*y + 423725 + 338827. Does 9 divide y?
True
Let q(c) = 33*c**2 + 24*c - 121. Let a be 2/10 - ((-612)/(-10))/(-9). Is q(a) a multiple of 84?
False
Let o be ((60/25)/(-6))/(1/(-250)). Let n = o - -488. Is n a multiple of 21?
True
Let l = -829 - -843. Let s(c) be the first derivative of -c**3/3 + 17*c**2/2 + 22*c + 1. Is s(l) a multiple of 32?
True
Let c(r) = -r**3 + 15*r**2 + 14*r + 39. Suppose 0 = -4*i - 2*h + 56, -13 = 5*i - 2*h - 101. Let n be c(i). Suppose -n - 206 = -3*b. Does 41 divide b?
False
Let u(z) = 2*z**3 + 37*z**2 + 43*z + 15. Suppose -5*f + 0*n - 83 = -n, 0 = -5*f + 4*n - 77. Is u(f) a multiple of 11?
False
Let f be (-1054)/9 + 37/333. Is 12 a factor of (-6)/(1/f - 0)?
False
Let s = -7195 - -12424. Is 63 a factor of s?
True
Let g(c) = 3*c + 19*c**3 + 2*c